{"id":2405,"date":"2024-08-01T18:41:28","date_gmt":"2024-08-01T18:41:28","guid":{"rendered":"https:\/\/iceal.cl\/web\/?page_id=2405"},"modified":"2024-09-26T17:57:11","modified_gmt":"2024-09-26T17:57:11","slug":"formulario-de-denuncia-ley-21643-ley-karin","status":"publish","type":"page","link":"https:\/\/iceal.cl\/web\/formulario-de-denuncia-ley-21643-ley-karin\/","title":{"rendered":"CANAL DE DENUNCIAS LEY N\u00b0 21. 643, LEY KARIN:"},"content":{"rendered":"\n<p>INGENIER\u00cdA Y CONSTRUCCI\u00d3N EDUARDO ARANCIBIA SpA, ha implementado este medio de comunicaci\u00f3n a fin de que cualquier colaborador que se vea afectado por alguna de las conductas de acoso laboral y sexual o de violencia en el trabajo, de conformidad a la Ley N\u00b0 21.643, conocida como Ley Karin pueda reportarlas, debiendo siempre individualizarse.<\/p>\n\n\n\n<h3>Individualizaci\u00f3n de la persona denunciante<\/h3>\n\n\n\n<div class=\"wp-block-contact-form-7-contact-form-selector\">\n<div class=\"wpcf7 no-js\" id=\"wpcf7-f2404-o1\" lang=\"es-CL\" dir=\"ltr\">\n<div class=\"screen-reader-response\"><p role=\"status\" aria-live=\"polite\" aria-atomic=\"true\"><\/p> <ul><\/ul><\/div>\n<form action=\"\/web\/wp-json\/wp\/v2\/pages\/2405#wpcf7-f2404-o1\" method=\"post\" class=\"wpcf7-form init\" aria-label=\"Formulario de contacto\" novalidate=\"novalidate\" data-status=\"init\">\n<div style=\"display: none;\">\n<input type=\"hidden\" name=\"_wpcf7\" value=\"2404\" \/>\n<input type=\"hidden\" name=\"_wpcf7_version\" value=\"5.9.8\" \/>\n<input type=\"hidden\" name=\"_wpcf7_locale\" value=\"es_CL\" \/>\n<input type=\"hidden\" name=\"_wpcf7_unit_tag\" value=\"wpcf7-f2404-o1\" \/>\n<input type=\"hidden\" name=\"_wpcf7_container_post\" value=\"0\" \/>\n<input type=\"hidden\" name=\"_wpcf7_posted_data_hash\" value=\"\" \/>\n<input type=\"hidden\" name=\"_wpcf7_recaptcha_response\" value=\"\" \/>\n<\/div>\n<p><strong><u>Identificaci\u00f3n del denunciante:<\/u><\/strong>\n<\/p>\n<p><label> Nombre Completo *<br \/>\n<span class=\"wpcf7-form-control-wrap\" data-name=\"tu-nombre\"><input size=\"40\" maxlength=\"400\" class=\"wpcf7-form-control wpcf7-text wpcf7-validates-as-required\" aria-required=\"true\" aria-invalid=\"false\" value=\"\" type=\"text\" name=\"tu-nombre\" \/><\/span> <\/label>\n<\/p>\n<p><label> Rut V\u00e1lido sin puntos ni guion *<br \/>\n<span class=\"wpcf7-form-control-wrap rut\"><input size=\"40\" maxlength=\"9\" class=\"wpcf7-form-control wpcf7-rut wpcf7-validates-as-required wpcf7-text wpcf7-validates-as-rut wpcf7-rut-onformat wpcf7-rut-onlynumbers rutclase\" id=\"rutid\" aria-required=\"true\" aria-invalid=\"false\" placeholder=\"123456789\" value=\"\" type=\"rut\" name=\"rut\" \/><\/span> <\/label>\n<\/p>\n<p><label> Email *<br \/>\n<span class=\"wpcf7-form-control-wrap\" data-name=\"tu-email\"><input size=\"40\" maxlength=\"400\" class=\"wpcf7-form-control wpcf7-email wpcf7-validates-as-required wpcf7-text wpcf7-validates-as-email\" aria-required=\"true\" aria-invalid=\"false\" value=\"\" type=\"email\" name=\"tu-email\" \/><\/span><\/label><br \/>\n<hr \/>\n<\/p>\n<p><strong><u> Persona y hecho a denunciar<\/u><\/strong>\n<\/p>\n<p><label> Nombre Completo de la Persona a denunciar: *<br \/>\n<span class=\"wpcf7-form-control-wrap\" data-name=\"de-nombre\"><input size=\"40\" maxlength=\"400\" class=\"wpcf7-form-control wpcf7-text wpcf7-validates-as-required\" aria-required=\"true\" aria-invalid=\"false\" value=\"\" type=\"text\" name=\"de-nombre\" \/><\/span> <\/label>\n<\/p>\n<p><label> Relato de los hechos: *<br \/>\n<span class=\"wpcf7-form-control-wrap\" data-name=\"de-relato\"><textarea cols=\"40\" rows=\"10\" maxlength=\"2000\" class=\"wpcf7-form-control wpcf7-textarea wpcf7-validates-as-required\" aria-required=\"true\" aria-invalid=\"false\" name=\"de-relato\"><\/textarea><\/span><br \/>\nSe\u00f1alar por ejemplo: \u00bfqu\u00e9 pas\u00f3? \u00bfCu\u00e1ndo pas\u00f3? \u00bfHora? \u00bfD\u00f3nde pas\u00f3? \u00bfQui\u00e9nes participaron?.<br \/>\n<\/label>\n<\/p>\n<p><label> V\u00ednculo contractual entre ambos: *<br \/>\n<span class=\"wpcf7-form-control-wrap\" data-name=\"de-vinculo\"><input size=\"40\" maxlength=\"400\" class=\"wpcf7-form-control wpcf7-text wpcf7-validates-as-required\" aria-required=\"true\" aria-invalid=\"false\" value=\"\" type=\"text\" name=\"de-vinculo\" \/><\/span> <\/label>\n<\/p>\n<p><input class=\"wpcf7-form-control wpcf7-submit has-spinner\" type=\"submit\" value=\"Enviar Denuncia\" \/>\n<\/p><div class=\"wpcf7-response-output\" aria-hidden=\"true\"><\/div>\n<\/form>\n<\/div>\n<\/div>\n","protected":false},"excerpt":{"rendered":"<p>INGENIER\u00cdA Y CONSTRUCCI\u00d3N EDUARDO ARANCIBIA SpA, ha implementado este medio de comunicaci\u00f3n a fin de que cualquier colaborador que se vea afectado por alguna de las conductas de acoso laboral y sexual o de violencia en el trabajo, de conformidad a la Ley N\u00b0 21.643, conocida como Ley Karin pueda reportarlas, debiendo siempre individualizarse. Individualizaci\u00f3n<\/p>\n","protected":false},"author":1,"featured_media":0,"parent":0,"menu_order":0,"comment_status":"closed","ping_status":"closed","template":"","meta":{"footnotes":""},"class_list":["post-2405","page","type-page","status-publish","hentry"],"_links":{"self":[{"href":"https:\/\/iceal.cl\/web\/wp-json\/wp\/v2\/pages\/2405"}],"collection":[{"href":"https:\/\/iceal.cl\/web\/wp-json\/wp\/v2\/pages"}],"about":[{"href":"https:\/\/iceal.cl\/web\/wp-json\/wp\/v2\/types\/page"}],"author":[{"embeddable":true,"href":"https:\/\/iceal.cl\/web\/wp-json\/wp\/v2\/users\/1"}],"replies":[{"embeddable":true,"href":"https:\/\/iceal.cl\/web\/wp-json\/wp\/v2\/comments?post=2405"}],"version-history":[{"count":5,"href":"https:\/\/iceal.cl\/web\/wp-json\/wp\/v2\/pages\/2405\/revisions"}],"predecessor-version":[{"id":2465,"href":"https:\/\/iceal.cl\/web\/wp-json\/wp\/v2\/pages\/2405\/revisions\/2465"}],"wp:attachment":[{"href":"https:\/\/iceal.cl\/web\/wp-json\/wp\/v2\/media?parent=2405"}],"curies":[{"name":"wp","href":"https:\/\/api.w.org\/{rel}","templated":true}]}}